-232422d
In base 2, what is 10110 + -100000011111?
-100000001001
In base 2, what is -111100111110010110101000 - -10101?
-111100111110010110010011
In base 9, what is -47 - 505?
-553
In base 16, what is 0 + -2dd8ed?
-2dd8ed
In base 16, what is 447c7b + 29?
447ca4
In base 7, what is 134232562 + 304?
134233166
In base 12, what is 5 - -383b04b?
383b054
In base 6, what is 104235031342 + -1?
104235031341
In base 4, what is -312 - -2332313220?
2332312302
In base 7, what is 460105226 + 23?
460105252
In base 7, what is 5 - 1655013212?
-1655013204
In base 8, what is 16346757 + -2?
16346755
In base 9, what is -67872 + -3153?
-72135
In base 9, what is 34337 - 75?
34252
In base 7, what is -2350421 + 26?
-2350362
In base 2, what is -1011001111011000110111001 - 10001?
-1011001111011000111001010
In base 8, what is 11 - 1005217216?
-1005217205
In base 6, what is 1 - 10125140053?
-10125140052
In base 12, what is 29 + -478085?
-478058
In base 13, what is 2339b51 + 2a?
2339b7b
In base 16, what is 32 + 252d8?
2530a
In base 7, what is -26665630 - -3?
-26665624
In base 12, what is 18a6 + -48608?
-46922
In base 6, what is -3 + 152340232?
152340225
In base 12, what is -29 - 15539?
-15566
In base 2, what is -1110000110100101000000111 - 101?
-1110000110100101000001100
In base 16, what is -bc + cd9e?
cce2
In base 12, what is -506717 - -621?
-5060b6
In base 14, what is -16908a - -c?
-16907c
In base 4, what is -123013 - -11203?
-111210
In base 7, what is 10 - 125100463?
-125100453
In base 15, what is 594a - -54b?
5e96
In base 16, what is 5 - e5b6d4?
-e5b6cf
In base 12, what is 85091 + 540?
85611
In base 3, what is 21112100102 + -10111?
21112012221
In base 11, what is -314 - -14072?
13859
In base 14, what is 50414b - -4?
504151
In base 10, what is -15099254 - -4?
-15099250
In base 7, what is -33110 - -46662?
13552
In base 8, what is 5 - -655057?
655064
In base 3, what is -102 - -120121112000021?
120121111222212
In base 15, what is cda472 - -70?
cda4e2
In base 7, what is -321605232 - -6?
-321605223
In base 6, what is -543 + 205552?
205005
In base 14, what is 899366 - 1?
899365
In base 14, what is 28 + 2120c7?
212111
In base 14, what is 45b27d - 3?
45b27a
In base 10, what is -598 - 27027?
-27625
In base 7, what is 44223641 - -53?
44224024
In base 5, what is 11300 - -301133?
312433
In base 13, what is -1208c + -11b?
-121aa
In base 5, what is 112302432 - 32?
112302400
In base 2, what is -1100 - 1000010110000111?
-1000010110010011
In base 3, what is 1111 - -1100200011201?
1100200020012
In base 10, what is 61 - -27602?
27663
In base 15, what is 1d447 + -3947?
19a00
In base 16, what is 22c - dc5?
-b99
In base 12, what is -12704 - 1769?
-14271
In base 8, what is 3121457 - -42?
3121521
In base 16, what is cc1 - 129?
b98
In base 14, what is -1868575 - -a?
-1868569
In base 14, what is 16 + 451da?
45212
In base 7, what is -21 + -25101554?
-25101605
In base 2, what is -1010101 - 10000101001100010000?
-10000101001101100101
In base 7, what is 5 - 152152316?
-152152311
In base 6, what is 33110423315 + 4?
33110423323
In base 14, what is -a3c9a4 + -50?
-a3ca14
In base 8, what is 3 + 13611332?
13611335
In base 9, what is -64350077 + 5?
-64350072
In base 14, what is -87 - 3cbad3?
-3cbb7a
In base 8, what is 175001 + 150?
175151
In base 12, what is -13a + -bb10?
-1004a
In base 9, what is 555380823 - -4?
555380827
In base 2, what is -1001011011001110 - -100001010000110?
-101010001001000
In base 9, what is -3 + 3742873?
3742870
In base 15, what is 15 + -108e79?
-108e64
In base 9, what is 2628 + 2818?
5547
In base 8, what is -1 + -42752263?
-42752264
In base 13, what is -2778 + -1b42b?
-20ba6
In base 12, what is 109 - b9765?
-b9658
In base 3, what is 2010000100021221 - -22?
2010000100022020
In base 14, what is -49148 + 40b?
-48b3b
In base 2, what is 1000 - -10111110110010010?
10111110110011010
In base 13, what is -13846c4 - -65?
-138465c
In base 15, what is ad382 - 24?
ad35d
In base 10, what is 10257 + -126?
10131
In base 15, what is 21d674 - 2?
21d672
In base 10, what is -3 - -196707084?
196707081
In base 2, what is -1011101 + -100110001111110001?
-100110010001001110
In base 12, what is 739412 - -a?
739420
In base 8, what is 617343224 - -6?
617343232
In base 4, what is -13110121103 + -10?
-13110121113
In base 9, what is -3028318 + 2?
-3028316
In base 6, what is -131311340 - 13?
-131311353
In base 4, what is -1230232 + -132?
-1231030
In base 8, what is 1204300564 - 1?
1204300563
In base 7, what is -1 + 1350060?
1350056
In base 9, what is 108741128 - -5?
108741134
In base 9, what is 53371158 + -10?
53371148
In base 7, what is -1036602455 + 6?
-1036602446
In base 6, what is -1430325 + -5300?
-1440025
In base 15, what is 6 - -205985?
20598b
In base 14, what is -189 + 42d4b?
42ba2
In base 5, what is -3210311142 + 10?
-3210311132
In base 5, what is 31 + -11411112212?
-11411112131
In base 10, what is 3845537 - -20?
3845557
In base 2, what is 10101011101000111111 - -1110101?
10101011101010110100
In base 13, what is 8931a50 + 5?
8931a55
In base 15, what is 1003c16 - -6?
1003c1c
In base 10, what is -295 + -31757?
-32052
In base 8, what is -2603 + 162377?
157574
In base 7, what is -15 + -15006456?
-15006504
In base 8, what is -1042713 + 235?
-1042456
In base 10, what is 153 - 1022683?
-1022530
In base 16, what is -4 + -38938f4?
-38938f8
In base 6, what is 1011510452 - -5?
1011510501
In base 4, what is -333 + -201111131311?
-201111132310
In base 15, what is -1abc93c - -1?
-1abc93b
In base 16, what is -4 - -104c41?
104c3d
In base 14, what is -3507a9 - -9?
-3507a0
In base 16, what is -13342da - 0?
-13342da
In base 8, what is 12 - -32066645?
32066657
In base 3, what is -222110002121220 - 1000?
-222110002122220
In base 16, what is a1 - -50b6?
5157
In base 16, what is 188 - -1661?
17e9
In base 15, what is -b9c18 - 10?
-b9c28
In base 16, what is -20ba + 354?
-1d66
In base 10, what is -19659083 + 4?
-19659079
In base 14, what is -2d783 + -19?
-2d79c
In base 5, what is 412 - -3141233?
3142200
In base 10, what is -17992 - -10040?
-7952
In base 14, what is -4 + 425b83?
425b7d
In base 7, what is 11 - 250056166?
-250056155
In base 13, what is 3609 + -8118?
-480c
In base 8, what is 221037743 + 6?
221037751
In base 15, what is -110c - 7d8?
-18e5
In base 5, what is -1123224031313 - 3?
-1123224031321
In base 16, what is 8664e + -e?
86640
In base 3, what is -202 - 21222220010212?
-21222220011121
In base 15, what is a4 - -1d4327?
1d43cb
In base 4, what is -3 - -13303330222?
13303330213
In base 13, what is cc3401 + -34?
cc339a
In base 16, what is ed8ceb + 3?
ed8cee
In base 4, what is -30002 - 2002010?
-2032012
In base 12, what is -1213a + -114?
-12252
In base 4, what is -2230030023 - 1030?
-2230031113
In base 8, what is 132 - -427216?
427350
In base 4, what is 313033213 - 10311?
313022302
In base 7, what is -1064 - -441215?
440121
In base 11, what is 0 + -35878635?
-35878635
In base 2, what is -100 - 100011101110111010011?
-100011101110111010111
In base 11, what is 495a1799 + -5?
495a1794
In base 11, what is 1 + 358039?
35803a
In base 11, what is 37107270 - -15?
37107285
In base 12, what is -4 - -8951855?
8951851
In base 11, what is 222 - -1516?
1738
In base 6, what is -10 - -151251122?
151251112
In base 4, what is 20121 + 1123003?
1203130
In base 10, what is -2 + -132695?
-132697
In base 2, what is 100 - 1010111010100101000001110?
-1010111010100101000001010
In base 10, what is 1 - 110237820?
-110237819
In base 13, what is 4 - -3c9024?
3c9028
In base 12, what is -17b - -10159?
bb9a
In base 7, what is -31342402600 + 0?
-31342402600
In base 11, what is -2 + -2883133?
-2883135
In base 3, what is 2111100212220 - -120?
2111100220110
In base 7, what is -12361153 + 420?
-12360433
In base 12, what is -29909 - -837?
-29092
In base 7, what is -26 - -10412166?
10412140
In base 3, what is -2020101211002200 - -2?
-2020101211002121
In base 10, what is -2223 + -65792?
-68015
In base 10, what is -10134 - -4185?
-5949
In base 4, what is -3 - 12221121010212?
-12221121010221
In base 7, what is -100223004 + -44?
-100223051
In base 16, what is 4 - 9f2f2?
-9f2ee
In base 14, what is -14 - -140615?
140601
In base 11, what is 62738a3 - -7?
62738aa
In base 10, what is 325 + 466541?
466866
In base 2, what is 11111101000 - -111100000110111?
1000000000